-2 + (2*g)/(-2). What is the highest common divisor of v and 21?
21
Let f be -1 + 39 + (-8)/2. Calculate the highest common divisor of 272 and f.
34
Let u(b) = b**2 + 6*b + 7. Let g be u(-7). Let i(z) = z**3 - 9*z**2 + 11*z - 1. Let q be i(9). Calculate the greatest common divisor of g and q.
14
Let u(g) = -2*g - 5. Let i be u(4). Let y = 21 + i. Suppose 2*w - y = 14. What is the greatest common divisor of 22 and w?
11
Let j(l) = -l**3 + 11*l**2 - 17*l - 7. Let f be j(9). Calculate the greatest common factor of f and 4.
2
Let b = 36 + -68. Let g = -17 - b. What is the greatest common factor of 30 and g?
15
Let w be ((-68)/20 + 3)*-30. Let y be (-3)/(w/(-68)) + -1. Suppose -c - 182 = -2*c - 2*j, -4*j + 892 = 5*c. What is the highest common divisor of c and y?
16
Suppose -2*v = -h - 44, -2*h = -2*v + 2*h + 56. Suppose 2*u + 2*u = 16. Let r be (u/10)/((-1)/(-20)). Calculate the greatest common factor of v and r.
4
Let j be 10/4*(-78)/(-15). Calculate the highest common divisor of 39 and j.
13
Suppose 5 = -4*k + 13. Suppose -71 = -k*s + 49. What is the greatest common divisor of 24 and s?
12
Let t(u) = u**2 + u. Let j be t(2). Let o be (-1)/(3/j)*-1. Suppose 4*x + 5*q - 38 = x, -o*q + 2 = 0. What is the highest common divisor of 88 and x?
11
Suppose 4*p = 5*f + 66, p - 18 + 2 = f. Let y be (p/4 - 3)*24. What is the greatest common factor of 108 and y?
12
Suppose -4*b - z + 19 = 0, 4*z + 14 = 2*b - 0*z. Suppose r + 3*j - 6 = 2, r - b*j - 48 = 0. What is the greatest common divisor of r and 184?
23
Suppose 40*a - 35*a - 360 = 0. Calculate the highest common factor of a and 9.
9
Let r be 18/81 - 104/(-18). Let k(v) = 4*v**2 + v - 2 + 2*v + 5. Let w be k(3). What is the highest common divisor of w and r?
6
Let o = 15 + -9. Suppose 0 = -4*c - 16, 4*b - 5 = 5*c + 63. What is the highest common divisor of o and b?
6
Suppose 5*j - 252 = -2*l - 42, 2*j = 2*l - 238. Calculate the greatest common factor of l and 23.
23
Let r be (0 - 1) + 116*2. Calculate the greatest common factor of 21 and r.
21
Let z(u) = 2*u + 4 + 0*u + u**2 + 1 - 3. Let y be z(-2). Suppose -2*h + 52 = y*h. Calculate the greatest common factor of 39 and h.
13
Let w(r) = 5*r + 1. Let l be 3/(-7) + (-10)/(-7). Let k be w(l). Calculate the highest common factor of 18 and k.
6
Let d be (-13)/(455/(-340)) + 2/7. Calculate the greatest common factor of d and 20.
10
Let g be -1*(3 - 1 - 0). Let v be (-12)/(-8) - (-1)/g. Let p be -2*10/v*-1. What is the greatest common factor of p and 4?
4
Let h be 4/10 - 346/(-10). Let w(y) = y**3 + 5*y**2 - 7*y. Let r be w(-6). Suppose -r*s + 42 = -3*s. Calculate the greatest common factor of h and s.
7
Let r(n) = n**3 - 12*n**2 - 11*n - 10. Let m be r(13). What is the highest common divisor of m and 12?
4
Let o = -36 - -63. Let s = 17 + -14. Calculate the greatest common divisor of s and o.
3
Let q(m) = -2*m. Let o be q(-4). Let f be (-4)/20 - 322/(-10). Calculate the highest common factor of f and o.
8
Let y(g) = -6*g - 2. Let n be y(4). Let p = 41 + n. What is the highest common factor of 10 and p?
5
Let o = 8 - 2. Suppose -7 = 3*i - 5*m, 0*m + 3*m - 45 = -5*i. Calculate the greatest common divisor of i and o.
6
Suppose 0 = -5*m + 23 + 37. What is the greatest common divisor of m and 6?
6
Let m = 31 - -11. Suppose 4*s - m = -5*k, -1 = 3*k - 5*s - 4. Suppose -14 = -2*u + k. What is the greatest common factor of 20 and u?
10
Let g(j) = j + 33. Let t be g(16). Calculate the greatest common factor of 7 and t.
7
Let b be (10/(-5) - 20)/(-2). Calculate the highest common factor of b and 88.
11
Let d be 1 - -6 - (-9)/(-3 - -6). What is the highest common factor of 130 and d?
10
Suppose 3*n - 56 + 2 = 0. Calculate the greatest common factor of n and 12.
6
Let u be (-15)/(-2)*4/(-6)*-9. Calculate the greatest common factor of 5 and u.
5
Suppose 0 = -0*m + m - h - 32, -3*m = 5*h - 64. What is the highest common divisor of m and 252?
28
Let d(w) = -w**3 - 5*w**2 - 5*w - 2. Let z be d(-4). Suppose -5*y - 3*m + 305 = z*m, 5*y - 2*m = 270. Calculate the greatest common factor of y and 8.
8
Suppose 7*n = 3*n + 600. Suppose 4*x + 2 = -5*c, x = -2*c + 6*x + 19. Suppose -4*i + n = -c*i. What is the greatest common divisor of 30 and i?
15
Let h be 51/(-1 + 12/9). Let q(z) = -2*z**3 + z**2 + z - 1. Let p be q(-2). What is the highest common factor of p and h?
17
Suppose 0 = -21*c + 22*c - 17. What is the greatest common factor of c and 68?
17
Suppose 7*i - 3*i = 72. Calculate the highest common factor of i and 6.
6
Suppose 1 = -3*s + 13. Suppose -5 = s*v + 3. Let r be (v/3)/(1/(-27)). What is the highest common factor of 198 and r?
18
Let a(s) be the second derivative of s**5/20 - 5*s**2/2 + s. Let u be a(0). Let q = 0 - u. What is the greatest common factor of 35 and q?
5
Suppose -1050 = c - 8*c. What is the highest common factor of 60 and c?
30
Suppose 0 = 4*n + 230 - 22. Let b = n - -97. What is the highest common factor of 9 and b?
9
Suppose 37 = 5*f - 43. Let w(u) = -u**3 + 5*u**2 + 8*u - 8. Let n = -5 - -11. Let t be w(n). Calculate the highest common divisor of t and f.
4
Let r be (4 - 2)/((-1)/17). Let j = -13 - r. Calculate the greatest common divisor of 3 and j.
3
Let f(j) = j**3 + 10*j**2 - j - 6. Let a be f(-10). Let h be 2/(a/10) - 2. Suppose -86 = -h*v + 3*q - 17, 2*q = 4. What is the highest common factor of v and 5?
5
Suppose 5*m - 61 - 114 = 5*g, 4*m - 140 = 2*g. Calculate the highest common divisor of m and 7.
7
Let y(s) = 1 - 4*s + 2*s + 0*s - 7 + s**2. Let m be y(6). Let p = 6 + 3. What is the greatest common divisor of m and p?
9
Suppose -4*a - 2*b = -9*a + 35, b + 5 = 0. What is the highest common divisor of a and 40?
5
Suppose -3*q = -4*g - 181, -q + 61 = -g - 0*g. Calculate the highest common factor of 7 and q.
7
Let s be (-175)/(-2) + (-2)/(-4). Let w(m) = 2*m + 1. Let h be w(1). Let z = h - -5. What is the highest common factor of z and s?
8
Let z = -55 + 72. What is the highest common divisor of 17 and z?
17
Suppose 0 = -2*m + 3 + 17. Let w(z) = z**2 - 7*z + 6. Let x be w(11). Calculate the greatest common factor of x and m.
10
Suppose 3*u = -2*z + 58, 5*z + 55 = 5*u - 0. Calculate the greatest common divisor of u and 40.
8
Let s(c) = 7*c**2 + c**3 + 4 - 5*c**3 + 4*c**3 - c**3. Let t be s(4). Calculate the greatest common divisor of t and 13.
13
Suppose -z + 2*g = 1, 2*z - 2*g - 1 = 1. Suppose -8*v + z*v = 3*x - 183, -3*x + 105 = 3*v. Calculate the greatest common factor of v and 13.
13
Let p(m) = 4*m + 5. Let s be p(2). Calculate the highest common divisor of s and 39.
13
Suppose 0 = 3*w + a + 9, -3*a - 1 + 2 = 2*w. Let l = 8 + w. Calculate the greatest common factor of l and 4.
4
Let d = -4 + 4. Let y = d + 13. Suppose -j + y = 1. Calculate the highest common factor of 24 and j.
12
Suppose r - 3 = 0, 2*b = -4*r + 40 - 14. Suppose 3*i + 2*i = -2*l + 20, -b = -l - i. What is the greatest common factor of 5 and l?
5
Let c(y) = 15*y**2 - 2*y - 1. Let d be c(-1). What is the highest common factor of 16 and d?
16
Suppose 3443 = 10*r + 223. Calculate the greatest common factor of 14 and r.
14
Suppose 4*u = 5*y + 260, 292 = 3*u + 3*y + 70. Let q be u*((-3)/21 + 1). Suppose q = 3*c + c. Calculate the greatest common divisor of 15 and c.
15
Suppose -27 = -4*o - 7, k - 71 = 2*o. Let z = k - 39. What is the highest common factor of z and 6?
6
Suppose 0 = 5*r - 12 - 3, -3*r - 341 = -5*o. Suppose 0 = -v - v + o. Calculate the highest common divisor of 5 and v.
5
Let v = -44 + 98. Calculate the highest common divisor of 36 and v.
18
Suppose -p = 2*p - 33. Suppose 4 = 2*q, -g + p = 2*q - 0*q. Let i be 2/7 - (-12)/g. What is the highest common divisor of i and 8?
2
Let c be (2 - 4/6)*(-54)/(-4). Calculate the greatest common factor of c and 30.
6
Let l = -36 + 39. What is the highest common factor of l and 15?
3
Let x(s) be the second derivative of s**3/6 + 9*s**2/2 - 2*s. Let f be x(-7). Calculate the highest common divisor of 14 and f.
2
Suppose 0*r - 16 = -4*r. Let f = 12 - r. Calculate the highest common divisor of f and 20.
4
Let x = 2 + -2. Let n be x - (-1 - -1) - -3. Let a = 358 + -346. Calculate the greatest common divisor of n and a.
3
Let x = 431 - 233. Calculate the greatest common factor of x and 22.
22
Let i = 13 - 10. Suppose 0 = -k + i*m, 5*k = 